ose -5*k - 52 = -h + 14, -63 = 5*k + 2*h. Determine l(k).
8
Let c(a) = a**3 + 5*a**2 - 4*a + 8. Let r be 1/(10/536) + 38/95. Suppose -4*z = -13*z - r. Determine c(z).
-4
Let n(r) = 3*r + 1. Let z(u) be the second derivative of u**5/20 - u**4 + u**2 - 11*u. Let h be z(12). Suppose 4*s = h - 6. What is n(s)?
-2
Let d(r) = -r**2 - 9*r. Suppose 0 = -x - 6 + 21. Let g = -6 + x. Suppose g = 4*w + 45. Calculate d(w).
0
Let a(z) be the third derivative of -z**5/60 - 7*z**4/24 - 9*z**3/2 - 282*z**2 - 3. Calculate a(-5).
-17
Let h = 11070 - 11075. Let q(i) = -2*i - 2. Determine q(h).
8
Let a(n) be the second derivative of n**4/12 + 7*n**3/6 + 8*n**2 + 730*n. Calculate a(-11).
60
Let h(x) = -11467*x + 5742*x + 63 + 5733*x - x**2. Calculate h(13).
-2
Let k(z) = z**3 + 10*z**2 + 9*z + 12. Suppose -115*o + 17 = -116*o + 2*d, -2*d = 5*o + 37. Give k(o).
12
Let a(c) be the second derivative of -c**3/6 - 15*c**2/2 + c. Let q = -20257 + 20257. Determine a(q).
-15
Suppose -9 = -2*f + 1. Let m(z) = 2*z - 2. Let k(c) = -5*c - 8. Let b(r) = 3*r + 2. Let d(v) = 5*b(v) + 2*k(v). Let l(i) = d(i) - 4*m(i). What is l(f)?
-13
Let m = -19707 - -19709. Let p(v) = -4*v**2 + 10*v - 6. Give p(m).
-2
Suppose -36*l = -39*l. Suppose 0*k - 4*k + t = -7, -4*k - 3*t + 27 = l. Let z(w) = -w**2 - w**k + w - 4*w**2 + 2 + 0*w. Give z(-4).
-18
Suppose f = -25 - 34. Let r = 61 + f. Let a(h) = -4*h - h**r - 12 + 0 + 5 - 5*h. Determine a(-6).
11
Let u(q) = 95 + 2*q**2 - 63 - 8*q - 20. What is u(3)?
6
Let l(v) = 12*v + 4. Let j = -1241 - -1243. Let p(x) = 4 - 1 - 2 + 4*x. Let d(b) = j*l(b) - 7*p(b). Determine d(2).
-7
Let k(u) = -u**2 + u - 1. Suppose 6*j - 8 = -20. Let d be 1/(-2*j/16). Suppose -2*f = -d*f. Give k(f).
-1
Let g(t) = t**2 + 3*t + 4 + t - 7*t. Suppose 21*o + 19*o + 6*o - 184 = 0. Calculate g(o).
8
Let j(g) = -g**3 - 6*g**2 + 8*g + 12. Let p(q) = -10*q**2 - 62*q + 65. Let n be p(1). Determine j(n).
5
Let t(o) = 15*o - 147. Suppose -2574*p - 360 = -2610*p. Give t(p).
3
Let g(l) = -11*l + 4. Let p be 7/(-21) + 1 - 454/6. Let j = p + 72. Give g(j).
37
Let w = -31415 + 31417. Let m(i) = -11*i**2 + 3*i + 4. Let a(p) = 12*p**2 - 4*p - 5. Let b(k) = -5*a(k) - 6*m(k). Give b(w).
29
Let f be 8 + (-3 - -1) + 0. Suppose 0 = f*q - q - 10. Let b(g) = 18 - 29 - g**2 + q*g + 13. What is b(5)?
-13
Let v = 10 + -8. Let p(m) = 273*m**2 - 4 + 4*m - 272*m**v - 3. Suppose 35 = -5*w + 2*c, c = -0*w - 3*w - 10. Determine p(w).
-2
Suppose 55*f = -29*f + 1092. Let s(h) = 3*h - 29. Calculate s(f).
10
Let v(g) = -1562 - 14*g**2 + 22*g + 3087 - 1640 + g**3. Calculate v(13).
2
Let h(y) = 11767 + 11763 + 25*y**2 + 25*y - 23509 + y**3. What is h(-24)?
-3
Let j(q) = 3*q + 15. Suppose -5*x = -63*a + 60*a + 41, 2*x + 24 = 5*a. Determine j(x).
-6
Let g(f) = 3 + 14 - 7*f - 8*f - 3*f - 32. Calculate g(2).
-51
Let f(o) be the third derivative of o**4/24 + 41*o**3/6 - 6*o**2 - 30*o. What is f(-40)?
1
Let q = -2 + 3. Let o(y) = -y - 8*y - 2*y + 8 - 7. Determine o(q).
-10
Let o(x) be the second derivative of x**6/360 + x**5/10 + 13*x**4/24 - x**3/3 - 127*x**2/2 - 20*x - 5. Let f(i) be the second derivative of o(i). Give f(-10).
-7
Let r(a) = -78*a - 65*a - 5 - 59*a - 79*a + 322*a. Give r(-1).
-46
Let u(i) be the third derivative of -i**6/120 - 3*i**5/20 - 3*i**4/8 - i**3/3 + 1030*i**2. What is u(-8)?
6
Let r(q) = 63*q - 3 - 56*q + 5*q**2 - 14*q**2. Give r(3).
-63
Let u = -139 + 139. Suppose 0 = -s + 6 - u. Let l(i) = 2*i + 1. Determine l(s).
13
Let l(u) be the third derivative of -u**5/60 + u**4/4 - 7*u**3/6 + 1099*u**2. Let y(j) = -j**2 - 6*j. Let p be y(-5). What is l(p)?
-2
Let p(f) = -41*f - 2. Let m be (4/(-35) + (-8)/(-20))*(-4872)/1392. Give p(m).
39
Let m(x) be the first derivative of 1/2*x**3 - 1/60*x**5 + 1/6*x**4 + 3 - 1/120*x**6 + 0*x - 3/2*x**2. Let d(v) be the second derivative of m(v). Give d(-2).
-1
Let v = -183 + 191. Suppose -1 = -h + y, 5*h - v*h - y = 5. Let k(a) = -2*a**2 - a - 1. Determine k(h).
-2
Let h(a) = -4*a**2 - 3*a + 9. Suppose 3*l + 15*f = 10*f + 14, -2*f + 11 = 3*l. What is h(l)?
-36
Let s(m) be the third derivative of -m**6/60 + m**5/30 - m**3/3 + 2944*m**2. Determine s(2).
-10
Let k be (0 + (-5)/2)*1562/(-355). Let r(m) = -m**2 + 10*m + 5. Determine r(k).
-6
Let d = -232 - -234. Let v(l) be the third derivative of l**5/60 - l**4/24 + l**3/2 + 38*l**2. What is v(d)?
5
Let b(x) = -x**2 - 17*x - 12. Let k = -17710 + 17695. Calculate b(k).
18
Let d(v) = -915*v + 2750. Let c be d(3). Let o(n) = 19*n - 112. Calculate o(c).
-17
Let w(v) = v**3 - 40*v - 12*v**2 + 6150 - 18553 + 6174 + 6146. What is w(15)?
-8
Let a(v) = 4*v**2 + 13*v - 3. Let z(b) = -6*b**2 - 19*b + 4. Suppose 146*h - 35 = 153*h. Let m(g) = h*z(g) - 7*a(g). Calculate m(-3).
7
Let p(s) = -s - 1 + 2*s**3 + 2*s**3 - 5*s**3 + s**2. Suppose 3*a + 3 = 0, -5*a - 11 = -4*c + 10. Suppose 2*f + 6 = 3*g, c = 3*g - g + 2*f. Calculate p(g).
-7
Let y be 3 + -1 - -4 - 2. Let z(q) be the first derivative of 1/3*q**3 + 7 - 3/2*q**2 + 0*q. Calculate z(y).
4
Let c(d) be the first derivative of d**4/4 - 4*d**3/3 + d**2/2 + d + 1051. Determine c(5).
31
Let f(j) be the third derivative of 0*j - 2 + 1/120*j**6 - 28*j**2 - 10/3*j**3 - 7/30*j**5 - 7/12*j**4. Give f(15).
-5
Let b(p) = 3*p**2 + 4*p - 10. Suppose -120 - 795 = 50*u - 233*u. Determine b(u).
85
Let n(d) = d**3 - 5*d**2 + 9*d - 18. Let u = -591 - -609. Suppose 11*z + u - 62 = 0. Give n(z).
2
Let c(j) be the first derivative of -j**3/3 + 3*j**2/2 - 7*j + 46324. Let k = 7 + -4. Determine c(k).
-7
Let t = -9143 + 18287/2. Let q(s) be the first derivative of 18 + t*s**2 - s. What is q(7)?
6
Let t(a) = -16*a**2 + 3*a. Let u = -60 - -62. Calculate t(u).
-58
Let b(j) = j**3 + 20*j**2 + 9. Let s be b(-20). Suppose 0 = -19*v - s*v - 112. Let x(t) = 7*t. Calculate x(v).
-28
Let t(u) = u**3 - 4*u**2 - 5*u - 117. Let x be t(7). Let i be (11 + 1)*(-3)/(-9). Let q(g) = 4*g + 1. Let l(v) = 3*v. Let w(n) = i*q(n) - 5*l(n). Give w(x).
-1
Let u(r) = 3*r + 118. Let a be u(-39). Let t(y) = 23*y - 25*y - 5*y**3 + 0*y**3 + y**2. What is t(a)?
-6
Let o(g) = -1 + g**2 + 6*g + g + 2*g. Let b(i) = i**2 - 114. Let r be b(12). Suppose 0 = 6*j - r + 84. Calculate o(j).
-1
Let r(c) = -2*c**3 - 6*c - 25. Let w(q) = -q**3 - q**2 - 5*q - 12. Let a(x) = -3*r(x) + 7*w(x). What is a(-4)?
11
Let p be 4/3 + 2*(-4)/24. Let n = 6 + 1. Let k(w) = -n + 5 + 2 - 5*w. Calculate k(p).
-5
Suppose 3*k + 336 + 459 = -5*j, 2*j + k + 317 = 0. Let b be (-15)/(-13) + 24/j. Let r(c) = 22*c**2 - 1. Determine r(b).
21
Let a(v) = -v**2 - 34*v + 100. Let h be a(-37). Let y(g) = g**2 + 15*g + 60. What is y(h)?
16
Let n(q) = 29 + 128*q - 54*q - 58*q - 24*q. Determine n(-6).
77
Let z(b) = b**3 - b**2 + 3*b - 2. Let y be z(2). Let u(j) = 8 - 7*j**3 - y*j**3 + 10*j**2 + 14*j**3 + 10*j. Calculate u(11).
-3
Suppose 326 = 24*v + 38. Suppose -v - 24 = 18*k. Let z(s) = 5*s + 4. What is z(k)?
-6
Let s(o) = 102*o + 776. Let u(f) = 46*f + 350. Let d(c) = -14*s(c) + 31*u(c). Let g = -31 - -17. Give d(g).
14
Let p(w) = -w**2 + w - 8. Suppose -20*a = 17 - 157. Determine p(a).
-50
Let g(h) = 12*h**3 - 29*h**2 + 12*h + 19. Let y(j) = 17*j**3 - 42*j**2 + 19*j + 27. Let p(v) = 10*g(v) - 7*y(v). Determine p(-6).
7
Let j be (-5)/((-15)/4) + (-1104)/(-9). Let t be (-93)/j + 18/(-8). Let s(r) = -r**2 - 3*r + 2. What is s(t)?
2
Let l(t) be the third derivative of -t**6/360 + 7*t**5/120 + 8*t**3/3 - 54*t**2. Let m(x) be the first derivative of l(x). Determine m(3).
12
Let z(n) be the second derivative of 59*n - 3*n**2 - 1/12*n**4 + 0 + 1/6*n**3. Let p be 0/3 + -1 + 1. Give z(p).
-6
Suppose -82*m = -77*m - 15, a - 4*m + 5 = 0. Let f(c) = 2*c**3 - 16*c**2 + 16*c - 12. What is f(a)?
2
Let t(l) be the second derivative of -l**3/3 + 6*l**2 + 6934*l + 3. Let c be (-1)/4 + 41/4. Give t(c).
-8
Let l be 6/(-2)*(-1 + 0). Suppose 2*f + b - 3 = 0, 2*b = -f + b + l. Let c(w) = w - 62. Let x(v) = -v + 71. Let s(a) = 6*c(a) + 5*x(a). What is s(f)?
-17
Suppose -89*n - 145 - 152 - 682 = 0. Let k(p) = -8*p - 77. Determine k(n).
11
Suppose 0 = n + 8 - 2. Let h(i) = -23*i**3 - 26*i**2 + 33*i + 8. Let r(d) = -13*d**3 - 14*d**2 + 19*d + 4. Let y(v) = 4*h(v) - 7*r(v). Calculate y(n).
10
Let u(x) be the first derivative of x**4/4 - 7*x**3/3 + 4*x**2 + 2*x + 2685. Let z be 3/((-3)/(-2)) + 0. 